MONTHLY CLIMATOLOGICAL SUMMARY for SEP. 2021

NAME: Wetterstation Schlei   CITY: Borgwedel STATE: Germany
ELEV: 29 LAT: 054:30:00 LONG: -009:40:00

                            TEMPERATURE ( C), RAIN (mm), WIND SPEED (kmh)

                                               HEAT     COOL           AVG
      MEAN                                     DEG      DEG            WIND                       DOM
DAY   TEMP    HIGH   TIME     LOW    TIME      DAYS     DAYS    RAIN   SPEED    HIGH    TIME      DIR
--------------------------------------------------------------------------------------------------------
01    17.1    24.4   15:54    12.6   06:13     01.2     00.0    00.2   04.7     22.2    16:38      W 
02    16.1    20.8   16:03    12.2   00:00     02.2     00.0    00.0   03.3     25.9    00:12      W 
03    15.7    21.2   14:37    11.4   02:20     02.6     00.0    00.0   07.0     27.8    07:35      W 
04    15.6    21.8   13:33    11.8   07:12     02.7     00.0    00.0   04.0     22.2    18:13     ESE
05    15.2    20.0   13:51    10.9   06:29     03.1     00.0    00.2   05.8     29.6    11:32     ESE
06    15.5    21.0   12:57    10.9   04:43     02.8     00.0    00.0   01.8     14.8    17:07     WSW
07    16.1    21.2   13:42    11.3   06:31     02.2     00.0    00.0   00.4     07.4    02:52     WSW
08    17.8    24.6   15:20    14.3   00:48     00.5     00.0    00.2   00.6     12.9    18:57     SSE
09    18.6    26.8   14:30    12.3   06:44     00.0     00.3    00.0   02.2     14.8    15:44     ESE
10    18.1    23.0   16:49    14.2   02:59     00.2     00.0    03.0   01.4     14.8    14:53      SW
11    18.4    21.8   14:13    17.1   02:02     00.0     00.1    02.8   04.6     24.1    12:41     WSW
12    17.5    21.3   12:51    14.4   23:17     00.8     00.0    00.2   07.4     31.4    12:39     WSW
13    15.6    18.4   16:17    14.1   06:44     02.7     00.0    00.0   05.0     22.2    06:41      W 
14    16.2    21.7   15:00    13.3   07:53     02.1     00.0    00.0   03.3     20.4    18:05      SE
15    16.0    16.8   23:22    15.2   09:23     02.3     00.0    12.4   04.3     22.2    07:45      SE
16    16.3    19.0   15:45    14.2   00:00     02.0     00.0    01.2   07.9     31.4    17:08     WSW
17    13.4    15.7   14:48    11.5   07:21     04.9     00.0    00.0   03.3     18.5    09:46      W 
18    14.5    17.0   15:45    13.0   00:50     03.8     00.0    00.6   03.8     24.1    18:58     ESE
19    13.2    17.7   13:34    11.7   00:00     05.1     00.0    00.2   05.3     27.8    18:00     ESE
20    12.4    17.3   14:27    09.4   23:05     05.9     00.0    00.0   02.2     14.8    08:22      E 
21    12.7    17.4   13:59    09.9   00:11     05.6     00.0    02.6   05.0     38.9    15:44     WSW
22    14.7    20.1   14:55    10.3   04:47     03.6     00.0    00.0   05.5     27.8    16:16     WSW
23    14.9    16.6   10:34    12.7   00:00     03.4     00.0    01.6   14.1     51.8    20:31     WSW
24    14.3    16.9   15:18    11.0   07:45     04.0     00.0    01.4   09.6     33.3    23:23     WSW
25    16.7    20.0   16:08    12.9   23:15     01.6     00.0    00.0   05.4     27.8    00:06      W 
26    16.4    23.1   14:57    11.7   02:12     01.9     00.0    00.0   02.6     18.5    14:33      SE
27    17.4    20.8   16:25    14.4   00:00     00.9     00.0    02.4   02.3     27.8    22:20     SSW
28    14.2    19.9   15:38    09.9   06:32     04.1     00.0    00.2   02.1     22.2    01:18      SW
29    12.3    18.2   13:21    09.4   07:13     06.0     00.0    04.4   03.3     31.4    23:32     SSE
30    11.9    15.7   12:34    10.2   23:37     06.4     00.0    17.6   13.2     57.4    04:23     WSW
--------------------------------------------------------------------------------------------------------
15.5 (16.1)   26.8  day 09     09.4  day 29   084.5    000.4   051.4   04.7     57.4   day 23     WSW
Min <=   30: 30
Max Rain: 17.6 ON 30-09-21
Days of Rain: 17 (> .2mm) 7 (> 2mm) 0 (> 20mm)