MONTHLY CLIMATOLOGICAL SUMMARY for AUG. 2021

NAME: Wetterstation Schlei   CITY: Borgwedel STATE: Germany
ELEV: 29 LAT: 054:30:00 LONG: -009:40:00

                            TEMPERATURE ( C), RAIN (mm), WIND SPEED (kmh)

                                               HEAT     COOL           AVG
      MEAN                                     DEG      DEG            WIND                       DOM
DAY   TEMP    HIGH   TIME     LOW    TIME      DAYS     DAYS    RAIN   SPEED    HIGH    TIME      DIR
--------------------------------------------------------------------------------------------------------
01    16.4    21.1   15:38    13.0   00:00     01.9     00.0    00.0   07.1     29.6    16:16     WSW
02    16.0    20.9   16:28    12.6   06:02     02.3     00.0    00.0   07.7     29.6    19:16      W 
03    16.3    21.7   16:32    12.0   00:00     02.0     00.0    00.0   03.0     24.1    06:12     WSW
04    16.4    23.3   14:26    09.8   06:12     01.9     00.0    00.0   02.9     18.5    15:04     ESE
05    17.8    23.2   15:54    14.2   00:59     00.5     00.0    03.6   06.2     29.6    23:22     ESE
06    19.2    26.6   14:55    15.9   00:00     00.0     00.9    01.8   06.3     29.6    14:27     ESE
07    17.3    23.8   16:07    14.1   06:02     01.0     00.0    03.8   03.3     22.2    13:34     SSW
08    15.7    20.1   12:27    13.4   06:03     02.6     00.0    01.6   05.5     33.3    15:48      SW
09    16.0    21.2   15:39    13.1   02:37     02.3     00.0    01.6   06.1     29.6    19:33      SW
10    15.8    20.3   17:00    12.9   06:16     02.5     00.0    01.0   06.0     25.9    18:45      SW
11    17.6    23.1   14:24    13.2   06:04     00.7     00.0    01.0   05.4     27.8    16:22     WSW
12    19.3    26.2   16:35    12.7   06:25     00.0     01.0    00.8   02.8     24.1    12:42      SW
13    19.2    24.3   13:28    14.2   00:00     00.0     00.9    00.8   06.6     37.0    19:16     WSW
14    16.5    20.7   15:36    13.1   04:05     01.8     00.0    01.0   08.2     37.0    18:47     WSW
15    17.6    21.5   12:56    13.8   02:59     00.7     00.0    03.4   05.9     29.6    21:56     WSW
16    15.1    18.1   15:32    11.6   23:41     03.2     00.0    05.6   08.4     46.3    17:35     WSW
17    16.0    21.0   15:18    12.1   00:03     02.3     00.0    03.8   12.1     40.7    14:25      W 
18    15.5    18.0   13:41    13.4   04:41     02.8     00.0    01.8   12.2     44.4    15:41     WSW
19    16.0    20.0   13:46    13.9   04:08     02.3     00.0    00.6   09.3     35.1    02:06     WSW
20    15.0    18.7   16:55    12.3   03:17     03.3     00.0    02.6   02.7     18.5    17:54     WSW
21    16.0    22.9   14:10    10.4   03:58     02.3     00.0    00.0   00.8     11.1    21:17      S 
22    15.7    18.1   12:28    13.6   05:45     02.6     00.0    00.0   05.8     35.1    12:27     ESE
23    17.0    24.1   14:45    12.0   05:16     01.3     00.0    00.0   03.7     25.9    09:48      NE
24    16.7    23.8   13:26    10.3   06:21     01.6     00.0    00.0   00.7     11.1    16:56      W 
25    14.7    17.1   12:49    11.9   03:59     03.6     00.0    01.2   07.5     35.1    15:29     WSW
26    14.8    19.2   14:49    12.4   06:25     03.5     00.0    00.0   04.7     27.8    20:49     NNE
27    15.6    21.0   15:01    12.3   01:01     02.7     00.0    01.8   05.5     29.6    23:38     NNE
28    15.1    16.2   12:46    14.2   00:00     03.2     00.0    02.4   05.9     27.8    01:12      NE
29    15.5    17.3   15:53    13.8   03:45     02.8     00.0    00.4   04.5     27.8    13:06      NE
30    17.3    22.2   14:33    12.2   00:00     01.0     00.0    00.0   03.7     25.9    16:02      NE
31    17.0    23.8   14:15    11.3   06:12     01.3     00.0    00.2   02.4     12.9    20:08     NNW
--------------------------------------------------------------------------------------------------------
16.5 (17.0)   26.6  day 06     09.8  day 04   060.1    002.7   061.0   05.6     46.3   day 16     WSW
Min <=   30: 31
Max Rain: 5.6 ON 16-08-21
Days of Rain: 21 (> .2mm) 7 (> 2mm) 0 (> 20mm)