MONTHLY CLIMATOLOGICAL SUMMARY for JUL. 2021

NAME: Wetterstation Schlei   CITY: Borgwedel STATE: Germany
ELEV: 29 LAT: 054:30:00 LONG: -009:40:00

                            TEMPERATURE ( C), RAIN (mm), WIND SPEED (kmh)

                                               HEAT     COOL           AVG
      MEAN                                     DEG      DEG            WIND                       DOM
DAY   TEMP    HIGH   TIME     LOW    TIME      DAYS     DAYS    RAIN   SPEED    HIGH    TIME      DIR
--------------------------------------------------------------------------------------------------------
01    18.8    23.2   16:13    15.8   00:00     00.0     00.5    00.2   04.2     25.9    15:49      NE
02    18.4    22.8   15:23    14.7   06:08     00.0     00.1    00.0   07.5     29.6    17:28     WSW
03    17.5    22.8   15:28    14.2   02:43     00.8     00.0    00.0   05.2     20.4    06:19      W 
04    18.8    25.0   13:34    12.3   04:22     00.0     00.5    00.0   03.3     24.1    18:21     ESE
05    18.0    22.4   13:14    13.8   00:00     00.3     00.0    00.4   03.9     29.6    14:32      SW
06    19.0    25.0   16:26    13.0   01:06     00.0     00.7    01.6   04.1     40.7    18:46      S 
07    18.7    25.9   16:50    12.9   06:23     00.0     00.4    00.2   04.5     38.9    17:22      SW
08    18.8    26.4   16:21    14.2   05:34     00.0     00.5    19.6   01.8     27.8    18:20      SE
09    17.7    23.0   11:04    14.9   04:26     00.6     00.0    01.0   03.1     27.8    12:45      W 
10    17.6    20.7   18:25    13.8   00:00     00.7     00.0    00.0   06.8     25.9    13:31      W 
11    18.7    24.5   15:54    12.2   04:48     00.0     00.4    00.0   03.9     22.2    17:42     ENE
12    21.2    26.6   12:19    17.3   06:08     00.0     02.9    00.0   09.2     46.3    19:16     ESE
13    21.5    25.5   15:42    19.4   03:11     00.0     03.2    00.0   05.6     24.1    00:16      E 
14    22.9    28.2   14:46    18.8   04:52     00.0     04.6    00.0   05.0     29.6    17:46     ENE
15    23.7    28.7   16:17    19.7   00:00     00.0     05.4    00.0   02.9     16.6    23:16      NE
16    22.9    30.1   16:49    16.6   06:17     00.0     04.6    00.0   04.0     18.5    19:15      W 
17    21.3    27.3   15:13    15.4   06:15     00.0     03.0    00.0   05.2     27.8    08:39      W 
18    18.6    23.7   12:17    14.1   23:22     00.0     00.3    00.0   09.2     31.4    19:07      W 
19    16.6    20.9   16:05    13.8   00:00     01.7     00.0    00.0   07.2     25.9    19:05      W 
20    16.6    21.2   12:28    11.3   05:55     01.7     00.0    00.0   05.3     25.9    17:53      W 
21    16.5    19.9   18:24    12.7   00:00     01.8     00.0    00.0   04.8     25.9    10:30      W 
22    15.9    20.4   16:19    11.6   01:35     02.4     00.0    00.0   05.0     24.1    18:06      W 
23    16.3    18.5   19:17    14.3   00:23     02.0     00.0    00.0   01.3     14.8    04:06      NW
24    19.6    25.7   16:38    11.5   05:46     00.0     01.3    00.0   05.5     29.6    21:17      E 
25    22.2    29.2   13:42    18.7   05:35     00.0     03.9    00.2   06.6     29.6    16:59     ESE
26    21.3    28.3   11:54    17.3   00:00     00.0     03.0    03.0   02.7     48.1    19:22      SE
27    19.2    24.1   13:21    14.7   05:35     00.0     00.9    02.2   03.7     29.6    12:05     WSW
28    18.9    24.7   15:04    16.0   00:00     00.0     00.6    02.2   05.1     31.4    18:42      SW
29    15.9    19.4   12:09    12.6   13:15     02.4     00.0    10.4   11.1     51.8    16:36     WSW
30    18.2    22.7   15:31    15.1   05:16     00.1     00.0    01.0   08.8     48.1    11:08     WSW
31    16.5    19.6   12:45    14.1   06:32     01.8     00.0    04.8   08.4     38.9    17:06      SW
--------------------------------------------------------------------------------------------------------
19.0 (19.4)   30.1  day 16     11.3  day 20   016.2    036.7   046.8   05.3     51.8   day 26      SW
Max >=  30: 1
Min <=   30: 31
Max Rain: 19.6 ON 8-07-21
Days of Rain: 13 (> .2mm) 6 (> 2mm) 0 (> 20mm)