MONTHLY CLIMATOLOGICAL SUMMARY for OCT. 2020

NAME: Wetterstation Schlei   CITY: Borgwedel STATE: Germany
ELEV: 29 LAT: 054:30:00 LONG: -009:40:00

                            TEMPERATURE ( C), RAIN (mm), WIND SPEED (kmh)

                                               HEAT     COOL           AVG
      MEAN                                     DEG      DEG            WIND                       DOM
DAY   TEMP    HIGH   TIME     LOW    TIME      DAYS     DAYS    RAIN   SPEED    HIGH    TIME      DIR
--------------------------------------------------------------------------------------------------------
01    13.7    17.9   15:01    10.1   04:29     04.6     00.0    00.2   06.9     31.4    15:36     ESE
02    14.3    16.8   13:30    12.3   07:22     04.0     00.0    00.0   10.0     44.4    17:41     ESE
03    15.3    16.2   22:26    14.4   02:47     03.0     00.0    00.2   17.0     59.2    09:04      E 
04    12.8    16.8   12:11    09.4   07:56     05.5     00.0    03.0   04.2     38.9    11:51      S 
05    11.0    15.6   16:12    08.3   07:49     07.3     00.0    00.0   03.3     25.9    11:13      SE
06    11.2    15.8   15:48    08.6   03:23     07.1     00.0    01.6   05.1     29.6    14:33     SSW
07    12.2    16.2   13:07    10.4   07:35     06.1     00.0    01.4   06.8     29.6    14:46      SW
08    11.4    14.7   20:36    10.0   09:20     06.9     00.0    10.6   06.9     35.1    21:26      SW
09    11.2    16.1   13:55    08.1   07:54     07.1     00.0    04.4   05.2     25.9    19:24      SW
10    07.8    10.2   15:30    06.2   22:41     10.5     00.0    11.0   05.8     29.6    14:44      SW
11    08.7    14.2   14:56    05.7   07:16     09.6     00.0    01.0   06.3     29.6    13:00      SW
12    08.6    13.5   13:42    03.9   06:55     09.7     00.0    00.2   03.4     14.8    14:36     WSW
13    09.1    15.4   14:36    05.4   08:15     09.2     00.0    00.0   02.7     16.6    15:09      SE
14    09.2    12.1   12:51    07.0   07:15     09.1     00.0    00.2   09.7     37.0    14:53      NE
15    08.9    13.3   13:25    07.1   00:00     09.4     00.0    00.0   07.4     31.4    10:52      NE
16    08.3    13.4   12:50    04.2   07:21     10.0     00.0    00.0   02.5     12.9    16:27      N 
17    09.3    14.1   14:11    06.9   21:26     09.0     00.0    00.4   02.4     16.6    23:48      NW
18    09.1    13.2   13:07    05.6   00:00     09.2     00.0    01.0   07.5     29.6    16:43      W 
19    07.4    10.8   13:13    04.4   07:05     10.9     00.0    01.0   04.0     20.4    13:55      SW
20    08.6    11.1   00:00    06.8   08:38     09.7     00.0    00.2   04.4     20.4    21:20      S 
21    13.0    16.5   00:00    11.1   00:04     05.3     00.0    02.6   06.6     33.3    19:00     SSW
22    14.2    16.6   00:02    12.6   00:00     04.1     00.0    01.6   14.0     59.2    01:32     WSW
23    11.5    14.7   15:23    09.4   06:51     06.8     00.0    01.4   06.8     37.0    00:10      SW
24    12.3    14.1   12:27    11.1   08:36     06.0     00.0    00.0   08.0     35.1    14:12      SW
25    12.3    14.7   10:09    09.8   21:17     06.0     00.0    05.4   07.9     42.5    10:10     SSW
26    09.6    11.4   13:51    07.2   22:47     08.7     00.0    00.2   04.4     22.2    12:47     SSW
27    09.2    12.1   14:38    06.9   03:46     09.1     00.0    00.4   08.2     35.1    23:28     SSW
28    10.4    13.2   14:22    08.7   02:06     07.9     00.0    04.4   08.8     37.0    00:26     SSW
29    09.2    11.8   12:33    07.6   08:12     09.1     00.0    04.0   07.3     31.4    15:15      SW
30    12.1    13.7   12:27    08.8   00:02     06.2     00.0    06.2   07.6     35.1    13:43     WSW
31    12.9    14.2   15:18    11.6   08:35     05.4     00.0    00.0   04.7     29.6    20:37     SSW
--------------------------------------------------------------------------------------------------------
10.8 (11.3)   17.9  day 01     03.9  day 12   232.5    000.0   064.4   06.6     59.2   day 22     SSW
Min <=   30: 31
Max Rain: 11.0 ON 10-10-20
Days of Rain: 24 (> .2mm) 9 (> 2mm) 0 (> 20mm)