MONTHLY CLIMATOLOGICAL SUMMARY for NOV. 2021

NAME: Wetterstation Schlei   CITY: Borgwedel STATE: Germany
ELEV: 29 LAT: 054:30:00 LONG: -009:40:00

                            TEMPERATURE ( C), RAIN (mm), WIND SPEED (kmh)

                                               HEAT     COOL           AVG
      MEAN                                     DEG      DEG            WIND                       DOM
DAY   TEMP    HIGH   TIME     LOW    TIME      DAYS     DAYS    RAIN   SPEED    HIGH    TIME      DIR
--------------------------------------------------------------------------------------------------------
01    10.4    14.4   00:03    07.1   00:00     07.9     00.0    02.4   06.5     31.4    10:59     SSW
02    07.4    12.3   14:30    03.6   08:01     10.9     00.0    00.0   01.6     12.9    02:11     SSW
03    06.1    09.1   11:07    02.8   05:08     12.2     00.0    00.0   00.6     12.9    12:28      S 
04    07.1    09.1   11:35    05.5   00:44     11.2     00.0    02.8   03.4     22.2    15:04     NNE
05    08.3    12.5   11:20    04.6   07:04     10.0     00.0    00.8   06.9     29.6    14:49     WSW
06    09.7    10.2   23:27    08.3   01:12     08.6     00.0    01.6   10.3     38.9    23:10     WSW
07    08.8    10.0   03:12    07.3   09:41     09.5     00.0    16.0   10.3     46.3    00:43     WSW
08    09.1    11.3   14:26    07.7   04:12     09.2     00.0    01.8   03.0     18.5    00:39     WSW
09    09.0    11.3   14:18    07.2   08:04     09.3     00.0    00.2   07.5     33.3    17:42      SW
10    09.1    10.8   14:02    07.7   09:04     09.2     00.0    00.6   06.0     25.9    11:31      SW
11    09.5    11.2   14:41    06.9   00:00     08.8     00.0    01.2   04.8     24.1    12:27      SW
12    08.0    09.4   14:30    05.6   23:59     10.3     00.0    00.2   04.3     22.2    21:28     SSE
13    06.5    07.8   23:59    05.2   03:03     11.8     00.0    00.4   02.5     18.5    01:11      SE
14    08.2    09.7   12:37    06.8   02:14     10.1     00.0    00.2   05.1     27.8    23:39      E 
15    06.8    08.4   00:11    05.5   00:00     11.5     00.0    00.0   03.6     29.6    04:45      SE
16    04.5    05.5   00:07    03.6   00:00     13.8     00.0    00.0   01.9     14.8    01:56      S 
17    05.7    09.2   14:51    03.5   00:43     12.6     00.0    01.0   07.2     35.1    15:56      SW
18    09.2    11.7   00:00    05.6   00:14     09.1     00.0    04.8   11.0     42.5    14:15     WSW
19    12.0    12.5   13:54    11.3   00:00     06.3     00.0    00.0   15.2     48.1    12:31      W 
20    10.6    11.6   12:00    09.4   21:57     07.7     00.0    00.6   11.6     35.1    23:47     WSW
21    07.0    10.2   12:23    03.3   00:00     11.3     00.0    02.8   06.2     35.1    01:13     WNW
22    03.7    07.9   23:30    00.2   07:46     14.6     00.0    00.2   04.9     25.9    21:47      W 
23    07.0    10.2   12:41    05.1   07:45     11.3     00.0    00.2   06.6     22.2    14:27     WSW
24    06.6    08.2   12:57    05.1   05:59     11.7     00.0    00.4   07.0     27.8    23:19      SW
25    05.3    07.3   13:20    02.6   00:00     13.0     00.0    01.8   07.9     33.3    15:58      SW
26    03.2    04.2   15:41    02.1   03:28     15.1     00.0    01.2   05.8     25.9    10:21      S 
27    02.9    03.4   14:05    02.2   17:27     15.4     00.0    01.4   06.4     29.6    03:34     ESE
28    01.8    03.2   03:08   -00.2   00:00     16.5     00.0    02.0   02.9     16.6    10:01     WNW
--------------------------------------------------------------------------------------------------------
07.3 (7.3)   14.4  day 01    -00.2  day 29   308.9    000.0   044.6   06.1     48.1   day 19      SW
Min <=   30: 28
Max Rain: 16.0 ON 7-11-21
Days of Rain: 23 (> .2mm) 5 (> 2mm) 0 (> 20mm)