MONTHLY CLIMATOLOGICAL SUMMARY for OCT. 2021

NAME: Wetterstation Schlei   CITY: Borgwedel STATE: Germany
ELEV: 29 LAT: 054:30:00 LONG: -009:40:00

                            TEMPERATURE ( C), RAIN (mm), WIND SPEED (kmh)

                                               HEAT     COOL           AVG
      MEAN                                     DEG      DEG            WIND                       DOM
DAY   TEMP    HIGH   TIME     LOW    TIME      DAYS     DAYS    RAIN   SPEED    HIGH    TIME      DIR
--------------------------------------------------------------------------------------------------------
01    13.0    17.7   14:34    09.9   00:24     05.3     00.0    02.4   08.4     31.4    12:38     SSW
02    13.5    16.7   14:59    11.6   04:25     04.8     00.0    00.4   04.5     22.2    15:22      S 
03    16.8    20.1   17:02    12.2   23:46     01.5     00.0    03.8   08.2     38.9    02:29     SSW
04    12.3    16.6   15:22    10.1   05:51     06.0     00.0    00.0   04.9     20.4    17:47     SSW
05    11.1    13.3   13:11    08.3   07:24     07.2     00.0    00.2   03.3     16.6    16:00      SE
06    11.6    15.3   12:48    07.9   23:49     06.7     00.0    00.0   02.5     20.4    12:23     SSW
07    10.9    17.5   15:18    05.4   08:00     07.4     00.0    00.0   00.5     11.1    15:04      S 
08    10.7    17.2   12:47    06.2   07:59     07.6     00.0    00.2   02.0     20.4    23:45     ESE
09    11.0    16.4   14:07    06.7   00:00     07.3     00.0    00.0   01.6     16.6    14:19      SE
10    08.7    14.8   15:29    04.2   04:30     09.6     00.0    00.0   01.6     12.9    23:14      SW
11    10.6    15.8   12:40    08.2   00:00     07.7     00.0    01.4   05.7     38.9    12:41     WSW
12    08.2    13.1   13:01    05.4   23:59     10.1     00.0    02.8   02.9     40.7    00:39      W 
13    08.2    13.7   14:13    03.4   04:18     10.1     00.0    01.2   03.5     22.2    23:33     WSW
14    12.3    14.3   13:26    10.5   00:03     06.0     00.0    01.0   07.4     35.1    16:40     WSW
15    11.0    13.7   13:24    07.1   23:53     07.3     00.0    10.4   07.7     37.0    13:18     WSW
16    09.2    12.8   12:56    07.0   05:41     09.1     00.0    01.8   04.8     24.1    14:14     WSW
17    09.8    11.9   15:01    08.3   03:44     08.5     00.0    02.6   03.7     22.2    03:52      SW
18    11.1    13.8   16:22    09.3   02:44     07.2     00.0    01.4   04.5     22.2    13:11      SW
19    12.6    16.3   23:59    10.2   01:59     05.7     00.0    03.4   06.3     38.9    22:34     SSW
20    15.2    16.5   01:35    11.7   22:52     03.1     00.0    11.0   11.1     50.0    12:33     WSW
21    09.6    12.8   01:29    06.0   23:29     08.7     00.0    13.0   09.4     42.5    14:58     WSW
22    07.2    09.0   15:33    05.5   20:01     11.1     00.0    09.6   10.7     61.0    08:08      W 
--------------------------------------------------------------------------------------------------------
11.1 (11.5)   20.1  day 03     03.4  day 13   157.9    000.0   066.6   05.2     61.1   day 22      SW
Min <=   30: 22
Max Rain: 13.0 ON 21-10-21
Days of Rain: 17 (> .2mm) 9 (> 2mm) 0 (> 20mm)