MONTHLY CLIMATOLOGICAL SUMMARY for JAN. 2021

NAME: Wetterstation Schlei   CITY: Borgwedel STATE: Germany
ELEV: 29 LAT: 054:30:00 LONG: -009:40:00

                            TEMPERATURE ( C), RAIN (mm), WIND SPEED (kmh)

                                               HEAT     COOL           AVG
      MEAN                                     DEG      DEG            WIND                       DOM
DAY   TEMP    HIGH   TIME     LOW    TIME      DAYS     DAYS    RAIN   SPEED    HIGH    TIME      DIR
--------------------------------------------------------------------------------------------------------
01    02.1    03.1   23:59    00.7   09:18     16.2     00.0    00.4   02.8     16.6    01:49     WSW
02    03.0    03.7   12:57    02.2   23:16     15.3     00.0    01.2   05.2     25.9    22:11      E 
03    02.4    03.4   18:20    00.5   08:08     15.9     00.0    00.8   13.5     46.3    21:41     ENE
04    01.7    02.7   00:01    00.6   08:46     16.6     00.0    00.0   15.9     44.4    00:30     ENE
05    02.0    02.4   15:35    01.6   03:12     16.3     00.0    00.2   13.5     44.4    00:42     ENE
06    01.1    01.8   01:16    00.3   05:03     17.2     00.0    03.4   05.6     22.2    01:38     NNE
07    01.3    02.1   14:28    00.5   03:32     17.0     00.0    03.4   03.6     16.6    21:48     NNE
08    00.8    01.4   14:20    00.1   02:38     17.5     00.0    00.6   03.4     16.6    14:54     NNW
09    01.1    02.4   14:47   -00.1   06:41     17.2     00.0    00.0   03.3     18.5    01:04      W 
10    00.9    03.6   21:55   -01.7   05:51     17.4     00.0    00.8   09.8     37.0    15:28      SW
11    04.0    05.1   00:00    02.4   01:47     14.3     00.0    08.0   14.5     51.8    22:42      SW
12    02.8    06.6   02:19    00.9   09:14     15.5     00.0    04.4   09.4     46.3    01:19     WSW
13    01.5    03.8   11:09   -00.2   17:08     16.8     00.0    04.8   12.3     57.4    10:39     WNW
14    00.8    01.4   00:46    00.2   07:22     17.5     00.0    00.2   06.5     33.3    00:39     NNE
15   -00.9    00.4   00:13   -01.7   19:36     19.2     00.0    00.0   04.8     24.1    01:47      N 
--------------------------------------------------------------------------------------------------------
01.7 (1.7)   06.6  day 12    -01.7  day 15   249.7    000.0   028.2   08.3     57.4   day 11     NNE
Min <=   30: 15
Max Rain: 8.0 ON 11-01-21
Days of Rain: 12 (> .2mm) 5 (> 2mm) 0 (> 20mm)