MONTHLY CLIMATOLOGICAL SUMMARY for SEP. 2019

NAME: Wetterstation Schlei   CITY: Borgwedel STATE: Germany
ELEV: 29 LAT: 054:30:00 LONG: -009:40:00

                            TEMPERATURE ( C), RAIN (mm), WIND SPEED (kmh)

                                               HEAT     COOL           AVG
      MEAN                                     DEG      DEG            WIND                       DOM
DAY   TEMP    HIGH   TIME     LOW    TIME      DAYS     DAYS    RAIN   SPEED    HIGH    TIME      DIR
--------------------------------------------------------------------------------------------------------
01    17.4    22.3   01:54    12.0   23:18     00.9     00.0    01.6   04.1     37.0    02:14     WSW
02    14.1    19.1   13:40    10.1   07:09     04.2     00.0    02.8   04.2     27.8    17:17     WSW
03    15.6    20.0   15:06    12.2   07:12     02.7     00.0    17.2   07.2     40.7    14:50     WSW
04    16.2    20.2   15:10    13.7   00:00     02.1     00.0    05.0   06.5     29.6    22:29     SSW
05    13.0    17.2   14:00    09.4   00:00     05.3     00.0    06.8   07.4     42.5    16:46     WSW
06    12.7    16.6   14:00    09.2   03:50     05.6     00.0    02.6   06.1     35.1    14:50      SW
07    14.1    18.3   17:01    10.8   07:05     04.2     00.0    00.6   02.4     29.6    00:15      SW
08    14.0    20.9   14:24    08.9   06:36     04.3     00.0    00.0   00.3     16.6    17:26      SE
09    13.8    19.6   12:34    10.7   04:53     04.5     00.0    06.4   00.4     16.6    16:02     NNW
10    14.0    18.1   12:26    11.8   05:30     04.3     00.0    05.4   06.8     33.3    12:26     WSW
11    13.8    18.5   13:12    10.5   07:18     04.5     00.0    07.0   07.0     35.1    17:14      SW
12    15.4    19.3   15:23    11.8   04:53     02.9     00.0    00.2   06.1     29.6    17:43     WSW
13    15.7    18.8   14:57    10.4   00:00     02.6     00.0    02.4   05.8     31.4    17:05     WSW
14    13.0    19.1   13:54    08.6   07:29     05.3     00.0    00.0   02.3     25.9    14:51      SW
15    13.9    18.2   15:17    10.8   23:43     04.4     00.0    00.8   10.2     40.7    14:38     WSW
16    12.7    17.9   13:18    09.6   07:30     05.6     00.0    00.0   06.7     31.4    12:03     WSW
17    10.9    14.6   11:46    09.0   21:10     07.4     00.0    02.4   10.2     48.1    16:05     WSW
18    11.2    14.8   11:32    08.9   00:27     07.1     00.0    00.2   08.2     31.4    16:21     WSW
19    11.2    16.5   13:43    06.3   07:28     07.1     00.0    00.0   04.4     20.4    18:16      W 
20    13.2    18.2   13:03    08.5   00:36     05.1     00.0    00.0   05.4     29.6    13:35     WSW
21    15.0    21.3   15:26    10.0   07:08     03.3     00.0    00.2   02.7     18.5    12:37     WSW
22    14.9    22.8   14:41    09.1   07:39     03.4     00.0    00.2   03.7     24.1    16:05     ESE
23    15.5    20.4   12:59    12.7   00:13     02.8     00.0    00.2   06.1     25.9    09:42      E 
24    15.4    20.0   15:55    13.1   22:58     02.9     00.0    00.0   01.8     18.5    18:07     SSE
25    14.3    16.6   14:43    12.1   06:02     04.0     00.0    04.4   00.6     11.1    10:59     ESE
26    14.5    16.3   17:03    12.3   08:06     03.8     00.0    01.2   02.1     22.2    21:10      SE
27    15.3    17.9   15:22    13.1   00:00     03.0     00.0    08.0   04.7     29.6    14:33      SW
28    14.4    17.5   14:45    12.3   00:00     03.9     00.0    14.8   07.4     31.4    17:42      SW
29    13.2    14.8   00:00    11.3   03:37     05.1     00.0    14.0   05.3     29.6    08:55      SW
30    13.1    16.8   13:21    09.1   23:37     05.2     00.0    06.6   10.0     48.1    16:40      W 
--------------------------------------------------------------------------------------------------------
14.1 (14.5)   22.8  day 22     06.3  day 19   127.4    000.0   111.0   05.2     48.1   day 30      SW
Min <=   30: 30
Max Rain: 17.2 ON 3-09-19
Days of Rain: 24 (> .2mm) 15 (> 2mm) 0 (> 20mm)