MONTHLY CLIMATOLOGICAL SUMMARY for AUG. 2019

NAME: Wetterstation Schlei   CITY: Borgwedel STATE: Germany
ELEV: 29 LAT: 054:30:00 LONG: -009:40:00

                            TEMPERATURE ( C), RAIN (mm), WIND SPEED (kmh)

                                               HEAT     COOL           AVG
      MEAN                                     DEG      DEG            WIND                       DOM
DAY   TEMP    HIGH   TIME     LOW    TIME      DAYS     DAYS    RAIN   SPEED    HIGH    TIME      DIR
--------------------------------------------------------------------------------------------------------
01    18.4    23.4   16:53    14.2   01:12     00.0     00.1    00.2   02.4     14.8    21:24     SSE
02    18.7    21.9   14:35    15.4   00:00     00.0     00.4    00.6   02.4     16.6    14:08      E 
03    19.1    25.5   15:02    14.1   05:54     00.0     00.8    00.0   03.0     24.1    17:11      W 
04    17.5    21.8   13:21    12.7   04:15     00.8     00.0    00.0   04.9     24.1    18:30     WSW
05    17.6    24.1   12:01    12.2   05:46     00.7     00.0    00.6   02.4     16.6    23:40     ESE
06    19.6    24.9   14:58    15.2   00:00     00.0     01.3    00.0   05.8     27.8    17:21     WSW
07    17.7    23.1   16:22    13.6   04:22     00.6     00.0    04.6   05.6     31.4    17:17      SW
08    17.3    21.7   15:44    14.0   02:34     01.0     00.0    05.0   08.8     42.5    18:55     WSW
09    17.7    21.7   14:35    13.7   06:14     00.6     00.0    01.2   02.5     18.5    20:58      S 
10    20.4    23.4   14:01    17.8   00:03     00.0     02.1    00.8   08.4     48.1    14:25      SW
11    19.1    22.8   16:45    15.8   06:52     00.0     00.8    00.0   09.1     38.9    09:09      SW
12    17.8    22.3   13:18    14.6   00:00     00.5     00.0    00.2   06.3     33.3    13:49      SW
13    14.2    17.0   15:53    11.9   23:07     04.1     00.0    09.6   04.7     27.8    15:27     WSW
14    14.6    20.1   15:57    10.7   06:37     03.7     00.0    06.4   05.5     33.3    11:46      SW
15    15.5    19.8   14:41    12.8   06:43     02.8     00.0    02.8   04.6     31.4    19:19     SSW
16    17.2    20.9   13:27    13.8   06:05     01.1     00.0    00.8   05.2     29.6    14:04     WSW
17    16.7    20.1   18:20    14.5   06:09     01.6     00.0    14.8   05.0     29.6    11:24     SSW
18    15.9    18.4   18:01    13.8   23:12     02.4     00.0    01.2   03.1     22.2    18:23      SW
19    15.8    20.2   15:21    13.3   00:00     02.5     00.0    03.8   06.5     33.3    15:13      SW
20    16.0    21.1   16:03    11.9   05:48     02.3     00.0    00.2   04.8     27.8    16:14      SW
21    15.8    20.9   15:29    11.3   04:51     02.5     00.0    00.2   02.4     24.1    15:32     WSW
22    18.1    24.7   16:08    12.0   02:18     00.2     00.0    00.0   02.5     27.8    17:36      SW
23    18.6    24.8   14:42    13.1   05:57     00.0     00.3    00.0   03.8     24.1    13:40     WSW
24    19.5    25.6   14:00    14.2   05:17     00.0     01.2    00.0   02.6     22.2    15:10     ESE
25    21.4    27.6   13:47    15.7   06:11     00.0     03.1    00.2   02.3     22.2    15:07      E 
26    21.9    29.9   14:42    16.6   06:06     00.0     03.6    00.0   00.9     16.6    19:06      E 
27    22.7    28.4   13:53    17.6   06:17     00.0     04.4    00.0   01.9     20.4    15:45      E 
28    24.4    31.4   16:40    18.4   06:44     00.0     06.1    00.8   01.3     27.8    23:18      S 
29    20.0    23.8   14:44    15.6   00:00     00.0     01.7    03.4   05.0     29.6    16:51     WSW
30    18.1    23.7   15:57    14.3   23:09     00.2     00.0    00.2   02.7     25.9    15:56      SW
31    21.7    29.2   16:12    13.8   06:34     00.0     03.4    00.0   00.7     16.6    16:21     SSE
--------------------------------------------------------------------------------------------------------
18.3 (18.8)   31.4  day 28     10.7  day 14   027.7    029.1   057.6   04.1     48.1   day 08      SW
Max >=  30: 1
Min <=   30: 31
Max Rain: 14.8 ON 17-08-19
Days of Rain: 21 (> .2mm) 8 (> 2mm) 0 (> 20mm)