MONTHLY CLIMATOLOGICAL SUMMARY for JUL. 2019

NAME: Wetterstation Schlei   CITY: Borgwedel STATE: Germany
ELEV: 29 LAT: 054:30:00 LONG: -009:40:00

                            TEMPERATURE ( C), RAIN (mm), WIND SPEED (kmh)

                                               HEAT     COOL           AVG
      MEAN                                     DEG      DEG            WIND                       DOM
DAY   TEMP    HIGH   TIME     LOW    TIME      DAYS     DAYS    RAIN   SPEED    HIGH    TIME      DIR
--------------------------------------------------------------------------------------------------------
01    16.9    22.2   11:33    13.5   05:17     01.4     00.0    02.2   10.8     42.5    19:04     WSW
02    14.2    17.6   16:32    11.2   00:00     04.1     00.0    00.8   11.6     35.1    16:40     WSW
03    14.0    18.9   16:39    09.2   03:35     04.3     00.0    00.0   07.7     31.4    17:22     WSW
04    13.5    17.2   14:47    08.6   04:45     04.8     00.0    01.0   11.3     44.4    17:31     WSW
05    14.5    17.5   13:14    12.7   05:49     03.8     00.0    02.8   09.0     35.1    00:09     WSW
06    14.8    18.4   13:56    13.2   23:48     03.5     00.0    02.0   09.8     42.5    15:47     WSW
07    13.4    16.8   14:20    11.3   23:13     04.9     00.0    00.2   11.7     33.3    18:50     WSW
08    13.5    19.0   14:07    10.1   05:23     04.8     00.0    00.4   06.9     29.6    17:52     WSW
09    14.2    18.7   15:45    10.2   02:12     04.1     00.0    00.0   06.6     29.6    17:13     WSW
10    16.1    22.0   14:28    11.0   05:51     02.2     00.0    00.0   05.6     27.8    16:25      W 
11    15.6    18.3   18:54    12.8   06:47     02.7     00.0    03.2   01.7     14.8    13:38      S 
12    17.1    21.2   14:34    14.4   03:18     01.2     00.0    05.0   01.0     16.6    15:24     SSE
13    16.6    20.2   17:01    13.8   03:57     01.7     00.0    00.0   03.9     27.8    18:57      W 
14    14.5    16.7   13:38    13.1   06:29     03.8     00.0    00.0   06.6     20.4    20:48     WSW
15    14.3    16.6   16:48    12.7   05:16     04.0     00.0    00.0   10.4     31.4    14:45     WSW
16    16.2    21.0   16:18    13.2   23:18     02.1     00.0    00.0   10.4     29.6    15:48     WSW
17    16.0    21.4   18:49    13.1   06:17     02.3     00.0    00.0   03.0     18.5    02:02     WSW
18    18.2    25.0   14:59    11.0   05:12     00.1     00.0    00.0   02.3     16.6    18:30      SE
19    18.3    22.3   16:02    14.6   00:00     00.0     00.0    00.8   03.7     22.2    16:48     WSW
20    18.9    28.2   14:55    12.6   02:52     00.0     00.6    08.6   03.3     48.1    16:50      S 
21    17.2    21.0   12:49    13.9   02:07     01.1     00.0    04.4   09.3     38.9    13:58     WSW
22    15.8    18.6   20:19    12.5   05:51     02.5     00.0    02.2   04.3     25.9    19:40      SW
23    21.8    28.6   16:17    15.6   05:37     00.0     03.5    00.2   04.4     22.2    15:15     WSW
24    23.1    30.7   13:45    16.0   05:23     00.0     04.8    00.0   04.4     22.2    16:37     ESE
25    24.0    31.7   13:01    18.3   05:51     00.0     05.7    00.0   06.5     29.6    17:51      E 
26    22.5    27.9   16:23    16.8   05:55     00.0     04.2    00.0   11.7     42.5    19:35      E 
27    21.3    25.4   15:10    18.3   03:46     00.0     03.0    00.0   15.3     51.8    14:59      E 
28    21.2    26.2   15:22    18.7   06:52     00.0     02.9    00.0   09.8     40.7    12:21      E 
29    22.7    30.4   14:37    18.6   00:00     00.0     04.4    00.0   05.0     25.9    18:30      SW
30    19.0    22.9   13:56    16.3   22:36     00.0     00.7    02.2   03.3     18.5    03:58     WSW
31    17.6    23.6   13:39    14.5   23:37     00.7     00.0    25.8   02.8     29.6    15:34      SE
--------------------------------------------------------------------------------------------------------
17.3 (17.9)   31.7  day 25     08.6  day 04   060.2    029.8   062.2   06.9     51.8   day 27     WSW
Max >=  30: 3
Min <=   30: 31
Max Rain: 25.8 ON 31-07-19
Days of Rain: 16 (> .2mm) 9 (> 2mm) 1 (> 20mm)