MONTHLY CLIMATOLOGICAL SUMMARY for MAR. 2019

NAME: Wetterstation Schlei   CITY: Borgwedel STATE: Germany
ELEV: 29m LAT: 054:30:07 LONG: -009:39:49

                            TEMPERATURE ( C), RAIN (mm), WIND SPEED (kmh)

                                               HEAT     COOL           AVG
      MEAN                                     DEG      DEG            WIND                       DOM
DAY   TEMP    HIGH   TIME     LOW    TIME      DAYS     DAYS    RAIN   SPEED    HIGH    TIME      DIR
--------------------------------------------------------------------------------------------------------
01    05.0    09.8   13:55    01.7   00:00     13.3     00.0    00.0   04.9     25.9    07:11      W 
02    04.5    06.9   11:37    01.7   00:01     13.8     00.0    00.0   06.0     27.8    22:19      SW
03    08.4    10.0   23:00    06.0   00:04     09.9     00.0    09.6   13.2     46.3    22:15      SW
04    07.7    11.8   09:40    05.3   17:01     10.6     00.0    17.6   19.9     74.0    20:53      SW
05    06.1    08.8   14:45    04.3   23:13     12.2     00.0    00.0   15.3     55.5    00:09     WSW
06    06.0    08.7   17:19    03.2   04:46     12.3     00.0    06.8   08.0     35.1    20:06     SSE
07    08.3    11.1   11:57    05.3   21:27     10.0     00.0    03.8   12.4     59.2    13:19     SSW
08    06.0    08.7   13:07    03.6   23:42     12.3     00.0    05.2   16.5     59.2    10:02     WSW
09    04.8    08.7   12:33    00.7   17:55     13.5     00.0    13.0   16.7     62.9    13:04     WSW
10    05.1    08.7   13:11    01.7   23:41     13.2     00.0    00.4   10.8     55.5    01:49     WSW
11    03.3    08.1   13:57    00.8   00:00     15.0     00.0    04.0   04.4     29.6    02:26     WSW
12    03.6    05.8   17:25    00.1   01:12     14.7     00.0    07.2   11.0     44.4    16:53     SSW
13    05.2    06.6   15:21    03.6   01:50     13.1     00.0    19.0   17.8     57.4    13:11      SW
14    05.6    06.6   09:00    04.8   03:10     12.7     00.0    08.0   14.1     42.5    23:15     WSW
15    06.1    08.3   14:40    04.4   23:33     12.2     00.0    08.0   18.4     72.2    16:53     WSW
16    06.2    09.4   00:00    04.3   15:27     12.1     00.0    18.4   14.1     53.6    00:07     WSW
17    06.9    09.7   01:48    03.6   23:13     11.4     00.0    05.2   19.2     59.2    00:08     WSW
18    05.4    08.3   15:01    03.6   06:50     12.9     00.0    04.0   17.2     51.8    13:28      W 
19    05.6    11.0   13:39    02.3   00:00     12.7     00.0    00.0   07.8     27.8    14:45      W 
20    06.4    09.2   16:52    02.0   00:53     11.9     00.0    00.6   10.4     33.3    15:50      SW
21    08.4    10.9   14:08    07.0   06:37     09.9     00.0    00.0   12.1     40.7    11:19     WSW
22    08.4    12.4   16:18    05.9   05:59     09.9     00.0    00.0   04.0     22.2    00:36     SSW
23    07.6    13.0   14:03    03.7   00:00     10.7     00.0    00.0   07.9     31.4    15:05     WSW
24    05.4    10.4   12:30    02.4   05:33     12.9     00.0    00.0   08.0     33.3    14:00     WSW
25    05.8    10.7   15:18    02.3   04:37     12.5     00.0    02.2   09.0     38.9    16:23     WNW
26    06.5    10.5   12:40    03.3   03:02     11.8     00.0    00.4   09.8     35.1    15:38      W 
27    07.5    09.2   13:11    06.2   04:05     10.8     00.0    01.2   10.5     31.4    16:15     WSW
28    09.4    13.3   16:35    06.7   00:00     08.9     00.0    00.2   06.6     22.2    12:25      W 
29    08.9    13.3   11:50    05.4   03:02     09.4     00.0    00.0   08.0     31.4    13:11     WSW
30    09.5    17.6   13:33    03.8   05:21     08.8     00.0    00.0   08.0     29.6    15:12     WSW
31    07.0    11.7   13:50    01.6   23:37     11.3     00.0    00.0   06.0     27.8    14:04      NW
--------------------------------------------------------------------------------------------------------
06.5 (6.8)   17.6  day 30     00.1  day 12   366.7    000.0   135.0   11.2     74.0   day 15     WSW
Min <=   30: 31
Max Rain: 19.0 ON 13-03-19
Days of Rain: 20 (> .2mm) 15 (> 2mm) 0 (> 20mm)