MONTHLY CLIMATOLOGICAL SUMMARY for FEB. 2019

NAME: Wetterstation Schlei   CITY: Borgwedel STATE: Germany
ELEV: 29m LAT: 054:30:07 LONG: -009:39:49

                            TEMPERATURE ( C), RAIN (mm), WIND SPEED (kmh)

                                               HEAT     COOL           AVG
      MEAN                                     DEG      DEG            WIND                       DOM
DAY   TEMP    HIGH   TIME     LOW    TIME      DAYS     DAYS    RAIN   SPEED    HIGH    TIME      DIR
--------------------------------------------------------------------------------------------------------
01   -00.2    02.1   12:05   -01.8   00:24     18.5     00.0    00.2   11.5     40.7    13:10      E 
02    00.8    01.9   13:31   -00.4   00:02     17.5     00.0    00.0   03.7     20.4    18:07     NNE
03    01.4    04.2   14:13   -00.5   00:00     16.9     00.0    00.2   04.8     25.9    12:48      W 
04    01.2    03.2   15:40   -00.6   03:06     17.1     00.0    01.6   12.4     48.1    22:47     SSW
05    03.5    05.9   15:33    02.1   22:09     14.8     00.0    02.2   12.8     38.9    00:20     WSW
06    03.2    04.6   20:55    01.1   03:41     15.1     00.0    02.8   08.1     29.6    12:20     SSW
07    05.4    07.6   15:55    04.3   07:04     12.9     00.0    07.4   10.9     51.8    20:46     SSW
08    06.2    07.7   23:06    05.2   03:04     12.1     00.0    04.4   14.0     48.1    00:25     SSW
09    06.8    07.9   12:01    05.9   15:31     11.5     00.0    09.2   19.9     62.9    20:11      SW
10    05.0    06.8   03:50    02.3   19:55     13.3     00.0    09.2   08.6     37.0    00:20     SSW
11    04.6    08.1   13:23    02.3   22:08     13.7     00.0    00.0   11.0     40.7    14:18      W 
12    04.6    07.7   14:13    02.2   08:32     13.7     00.0    00.0   09.6     37.0    22:33     WSW
13    06.8    08.3   12:16    05.5   01:07     11.5     00.0    00.0   13.0     37.0    13:22     WSW
14    05.5    08.7   14:11    02.3   22:58     12.8     00.0    00.0   09.0     29.6    13:53     WSW
15    06.6    13.8   14:56    01.1   07:44     11.7     00.0    00.2   04.6     18.5    14:24     SSW
16    07.6    10.9   12:57    04.0   07:47     10.7     00.0    00.0   11.5     35.1    15:04      SW
17    09.4    13.9   15:13    04.8   00:00     08.9     00.0    00.0   05.0     22.2    04:33     SSW
18    07.8    13.5   14:47    03.4   01:52     10.5     00.0    00.0   05.4     22.2    13:40     SSW
19    06.4    07.4   15:37    05.7   08:57     11.9     00.0    01.6   13.4     44.4    16:09     WSW
20    06.6    07.7   16:46    05.0   08:09     11.7     00.0    00.2   11.9     37.0    23:33     WSW
21    07.0    08.3   12:58    06.1   06:46     11.3     00.0    01.0   11.0     35.1    10:42     WSW
22    03.9    06.7   14:36    00.6   23:59     14.4     00.0    00.0   10.8     38.9    09:39      E 
23    02.5    07.5   15:31   -01.1   07:19     15.8     00.0    00.0   02.4     14.8    08:16     SSE
24    04.7    12.7   15:02   -00.6   07:29     13.6     00.0    00.0   04.7     20.4    14:52      SW
25    05.0    13.0   15:14   -00.2   07:53     13.3     00.0    00.0   05.0     22.2    14:23     WSW
26    06.1    14.7   13:51    00.7   07:10     12.2     00.0    00.0   05.3     22.2    15:10     WSW
27    07.7    15.6   14:14    02.5   04:06     10.6     00.0    00.0   08.5     29.6    13:44     WSW
28    05.8    10.4   15:29    02.9   04:04     12.5     00.0    00.0   08.3     27.8    00:09     WSW
--------------------------------------------------------------------------------------------------------
05.1 (5.5)   15.6  day 27    -01.8  day 01   370.7    000.0   040.2   09.2     62.9   day 09      SW
Min <=   30: 28
Max Rain: 9.2 ON 9-02-19
Days of Rain: 13 (> .2mm) 6 (> 2mm) 0 (> 20mm)