MONTHLY CLIMATOLOGICAL SUMMARY for JAN. 2019

NAME: Wetterstation Schlei   CITY: Borgwedel STATE: Germany
ELEV: 29m LAT: 054:30:07 LONG: -009:39:49

                            TEMPERATURE ( C), RAIN (mm), WIND SPEED (kmh)

                                               HEAT     COOL           AVG
      MEAN                                     DEG      DEG            WIND                       DOM
DAY   TEMP    HIGH   TIME     LOW    TIME      DAYS     DAYS    RAIN   SPEED    HIGH    TIME      DIR
--------------------------------------------------------------------------------------------------------
01    06.2    08.2   02:59    03.9   00:00     12.1     00.0    00.8   18.8     62.9    18:23      W 
02    02.4    04.7   13:25   -00.9   21:23     15.9     00.0    00.0   08.8     37.0    07:29     NNW
03   -00.4    02.8   12:41   -02.2   06:27     18.7     00.0    00.0   04.5     20.4    23:46     WSW
04    05.1    07.5   00:00   -00.4   00:07     13.2     00.0    00.2   10.2     33.3    10:02      W 
05    06.9    09.9   13:15    02.9   00:00     11.4     00.0    00.2   03.3     38.9    00:21     WNW
06    03.8    06.5   14:56    00.0   02:34     14.5     00.0    00.4   03.1     22.2    23:29      W 
07    06.4    07.7   22:22    04.9   10:31     11.9     00.0    04.8   11.5     48.1    21:51     WSW
08    05.3    07.3   00:52    03.1   21:06     13.0     00.0    04.8   15.6     62.9    05:30     WNW
09    02.8    03.9   12:07    02.0   07:50     15.5     00.0    00.0   14.5     44.4    00:46      N 
10    00.8    02.3   00:00   -01.2   08:31     17.5     00.0    00.8   05.4     24.1    22:39     WSW
11    05.6    07.8   12:08    02.4   00:12     12.7     00.0    00.2   09.8     38.9    12:07      W 
12    05.8    06.8   14:44    04.2   00:01     12.5     00.0    03.8   13.6     42.5    19:18      W 
13    06.5    08.5   13:56    03.5   23:58     11.8     00.0    04.0   16.0     59.2    23:28      W 
14    02.1    03.6   03:26    00.7   09:31     16.2     00.0    00.0   11.6     53.6    03:12      W 
15    05.9    07.3   22:13    02.5   02:21     12.4     00.0    04.0   16.1     48.1    15:47      W 
16    06.4    07.4   13:08    04.9   23:47     11.9     00.0    04.0   18.0     48.1    20:52     WSW
17    02.9    05.1   00:22   -01.9   00:00     15.4     00.0    04.6   11.4     38.9    04:51     WSW
18   -00.6    03.4   14:42   -03.7   06:35     18.9     00.0    01.6   06.0     18.5    09:56      SW
19   -00.4    01.5   13:36   -03.2   00:00     18.7     00.0    00.2   02.8     14.8    04:31     SSW
20   -01.2    02.5   13:09   -03.4   00:40     19.5     00.0    00.2   01.7     12.9    23:53     SSW
21   -01.2    02.7   15:03   -05.0   04:48     19.5     00.0    00.2   09.9     29.6    10:52      SW
22   -00.6    01.0   14:22   -03.1   00:00     18.9     00.0    00.2   06.6     24.1    20:20     SSE
23   -04.1   -01.7   14:49   -05.7   06:43     22.4     00.0    00.0   05.1     20.4    15:32     ESE
24   -05.3   -04.1   21:18   -07.0   05:53     23.6     00.0    00.0   04.0     16.6    04:18     SSE
25   -03.7   -02.4   14:39   -04.4   08:51     22.0     00.0    00.0   04.3     24.1    21:34      S 
26    02.3    04.3   23:36   -03.0   00:01     16.0     00.0    02.8   06.1     24.1    05:21      SW
27    04.5    05.3   15:30    01.8   00:00     13.8     00.0    05.6   06.1     25.9    06:46      S 
28    00.9    03.7   14:46   -02.1   00:00     17.4     00.0    00.2   03.7     27.8    19:25     WSW
29   -00.2    02.9   14:50   -03.3   02:38     18.5     00.0    01.0   06.8     22.2    11:48     SSW
30    00.0    02.5   14:08   -02.0   06:45     18.3     00.0    00.0   10.9     48.1    17:52     ESE
31   -00.1    01.7   14:33   -02.0   20:05     18.4     00.0    00.0   05.6     25.9    00:06      SE
--------------------------------------------------------------------------------------------------------
02.1 (1.8)   09.9  day 05    -07.0  day 24   502.6    000.0   044.6   08.8     62.9   day 15     WSW
Max <=   0: 3
Min <=   30: 31
Min <=  -5: 3
Max Rain: 5.6 ON 27-01-19
Days of Rain: 22 (> .2mm) 9 (> 2mm) 0 (> 20mm)