MONTHLY CLIMATOLOGICAL SUMMARY for OCT. 2018

NAME: Wetterstation Schlei   CITY: Borgwedel STATE: Germany
ELEV: 29m LAT: 054:30:07 LONG: -009:39:49

                            TEMPERATURE ( C), RAIN (mm), WIND SPEED (kmh)

                                               HEAT     COOL           AVG
      MEAN                                     DEG      DEG            WIND                       DOM
DAY   TEMP    HIGH   TIME     LOW    TIME      DAYS     DAYS    RAIN   SPEED    HIGH    TIME      DIR
--------------------------------------------------------------------------------------------------------
01    09.4    13.1   12:33    06.6   22:13     08.9     00.0    01.6   05.2     29.6    14:31     WSW
02    08.8    13.6   14:24    05.6   04:52     09.5     00.0    05.6   12.3     48.1    17:25     WSW
03    10.7    14.4   14:42    08.6   23:09     07.6     00.0    01.8   11.9     48.1    03:20     WSW
04    12.6    15.4   14:06    09.1   03:53     05.7     00.0    02.8   06.2     29.6    16:36      SW
05    15.0    19.7   15:42    12.7   00:53     03.3     00.0    00.2   06.7     27.8    04:35      SW
06    12.1    16.8   14:51    08.1   07:14     06.2     00.0    03.0   02.2     16.6    23:50     ENE
07    09.1    14.0   15:20    05.6   07:58     09.2     00.0    01.4   04.1     29.6    03:07     WNW
08    10.0    14.6   14:50    06.1   01:49     08.3     00.0    00.0   06.2     27.8    11:51     SSW
09    11.8    16.6   13:33    09.1   08:24     06.5     00.0    00.0   05.5     29.6    15:27      SW
10    12.1    18.8   15:32    06.5   08:07     06.2     00.0    00.0   02.6     14.8    15:44     ESE
11    14.8    21.1   15:17    10.8   00:00     03.5     00.0    00.2   03.0     20.4    13:28     ESE
12    16.2    22.6   15:47    09.4   03:11     02.1     00.0    00.0   02.8     24.1    10:29      S 
13    19.9    25.4   15:26    15.9   07:57     00.0     01.6    00.0   03.2     22.2    15:13     SSE
14    17.5    22.2   16:06    12.9   07:41     00.8     00.0    00.0   03.6     29.6    17:02     SSE
15    16.2    22.9   15:29    10.2   08:02     02.1     00.0    00.0   01.0     14.8    00:44      S 
16    15.0    18.7   14:57    11.8   07:51     03.3     00.0    00.0   01.7     22.2    14:38      SW
17    15.2    22.3   14:52    11.6   03:28     03.1     00.0    00.0   01.8     14.8    15:21      SW
18    11.8    15.8   14:32    06.4   00:00     06.5     00.0    00.6   03.0     24.1    12:55     NNW
19    08.8    14.2   13:41    04.2   05:35     09.5     00.0    00.0   01.4     14.8    13:10      W 
20    10.7    17.1   13:22    07.9   04:08     07.6     00.0    00.4   04.9     25.9    15:48     WSW
21    11.6    14.3   15:26    08.3   00:38     06.7     00.0    00.0   05.5     24.1    17:21      SW
22    10.5    13.9   14:19    07.6   22:25     07.8     00.0    00.8   06.3     27.8    15:08     WSW
23    11.5    12.9   15:00    09.2   00:08     06.8     00.0    06.8   20.1     57.4    19:48     WSW
24    10.3    13.0   13:21    07.7   09:10     08.0     00.0    01.0   08.7     42.5    00:21      W 
25    10.7    11.9   04:31    09.0   19:41     07.6     00.0    01.0   13.4     42.5    14:04     WSW
26    09.0    10.8   14:08    06.5   22:31     09.3     00.0    10.2   07.6     31.4    12:20      SW
27    05.1    06.9   15:41    01.2   00:00     13.2     00.0    01.0   06.8     31.4    07:05      NW
28    03.4    07.8   12:26    00.4   05:42     14.9     00.0    00.8   06.7     29.6    22:36      NE
29    06.5    07.9   12:15    04.9   00:10     11.8     00.0    02.6   16.9     64.8    19:04      E 
30    08.5    10.8   11:19    05.6   00:00     09.8     00.0    01.4   10.5     50.0    05:58     ESE
31    07.8    10.9   14:14    04.9   03:15     10.5     00.0    02.8   08.2     46.3    04:11     SSW
--------------------------------------------------------------------------------------------------------
11.4 (11.7)   25.4  day 13     00.4  day 28   216.3    001.6   046.0   06.4     64.8   day 29      SW
Min <=   30: 31
Max Rain: 10.2 ON 26-10-18
Days of Rain: 20 (> .2mm) 7 (> 2mm) 0 (> 20mm)