MONTHLY CLIMATOLOGICAL SUMMARY for JUL. 2018

NAME: Wetterstation Schlei   CITY: Borgwedel STATE: Germany
ELEV: 29m LAT: 054:30:07 LONG: -009:39:49

                            TEMPERATURE ( C), RAIN (mm), WIND SPEED (kmh)

                                               HEAT     COOL           AVG
      MEAN                                     DEG      DEG            WIND                       DOM
DAY   TEMP    HIGH   TIME     LOW    TIME      DAYS     DAYS    RAIN   SPEED    HIGH    TIME      DIR
--------------------------------------------------------------------------------------------------------
01    18.2    24.7   13:07    11.0   05:32     00.1     00.0    00.0   04.1     25.9    17:04     ESE
02    19.3    26.9   15:58    10.7   05:05     00.0     01.0    00.0   02.9     20.4    20:50     WSW
03    18.2    24.8   15:32    12.3   06:00     00.1     00.0    00.0   05.4     24.1    15:00      W 
04    16.0    20.4   17:12    11.0   03:36     02.3     00.0    00.0   04.1     20.4    18:19     WSW
05    16.6    18.9   15:52    15.3   23:19     01.7     00.0    00.0   07.4     31.4    17:02     WSW
06    17.2    21.6   13:31    13.2   00:00     01.1     00.0    00.0   12.3     37.0    16:28      W 
07    16.5    21.3   14:48    12.2   05:37     01.8     00.0    00.0   12.7     46.3    12:56      W 
08    17.9    26.4   14:50    11.3   05:07     00.4     00.0    00.0   06.2     24.1    19:22      W 
09    14.7    17.4   09:32    11.3   00:00     03.6     00.0    00.0   10.6     35.1    17:59      W 
10    16.1    22.1   16:07    09.8   02:15     02.2     00.0    01.2   06.2     29.6    18:31      E 
11    19.3    25.5   14:49    14.8   01:58     00.0     01.0    00.2   05.2     25.9    15:26      NE
12    21.1    29.0   13:41    14.8   05:17     00.0     02.8    00.0   03.7     29.6    15:12      W 
13    18.6    26.2   13:26    14.1   22:56     00.0     00.3    00.0   08.0     27.8    20:11      W 
14    16.4    20.4   17:45    13.9   00:00     01.9     00.0    00.0   05.6     24.1    17:59      W 
15    19.3    27.0   16:32    11.1   05:40     00.0     01.0    00.0   01.8     18.5    19:09      W 
16    21.6    28.9   15:58    13.3   05:39     00.0     03.3    00.0   02.6     18.5    17:56      E 
--------------------------------------------------------------------------------------------------------
17.9 (18.2)   29.0  day 12     09.8  day 10   015.2    009.3   001.4   06.2     46.3   day 07      W 
Min <=   30: 16
Max Rain: 1.2 ON 10-07-18
Days of Rain: 2 (> .2mm) 0 (> 2mm) 0 (> 20mm)