MONTHLY CLIMATOLOGICAL SUMMARY for JUN. 2019

NAME: Wetterstation Schlei   CITY: Borgwedel STATE: Germany
ELEV: 29 LAT: 054:30:00 LONG: -009:40:00

                            TEMPERATURE ( C), RAIN (mm), WIND SPEED (kmh)

                                               HEAT     COOL           AVG
      MEAN                                     DEG      DEG            WIND                       DOM
DAY   TEMP    HIGH   TIME     LOW    TIME      DAYS     DAYS    RAIN   SPEED    HIGH    TIME      DIR
--------------------------------------------------------------------------------------------------------
01    16.1    20.2   14:30    11.9   00:00     02.2     00.0    00.0   08.3     37.0    10:29     WSW
02    18.7    29.4   17:09    10.1   03:16     00.0     00.4    00.0   02.8     22.2    12:22     ESE
03    19.0    24.7   11:10    13.8   23:57     00.0     00.7    00.2   05.1     27.8    16:27     WSW
04    15.5    19.7   14:54    11.2   06:05     02.8     00.0    00.2   05.7     29.6    18:56     ESE
05    20.4    25.4   15:22    15.6   00:03     00.0     02.1    02.0   04.8     25.9    00:11      SE
06    18.0    25.2   10:29    12.4   00:00     00.3     00.0    00.8   07.3     38.9    17:29     WSW
07    15.9    21.1   13:32    10.9   05:57     02.4     00.0    00.0   06.2     33.3    20:20      E 
08    15.1    17.9   11:08    12.5   23:27     03.2     00.0    01.2   08.3     46.3    18:46      S 
09    15.9    21.2   17:17    12.3   05:58     02.4     00.0    00.0   08.3     38.9    00:34      SW
10    14.7    17.4   17:18    12.7   00:52     03.6     00.0    01.4   08.3     35.1    18:05     ENE
11    16.1    21.0   17:49    13.7   06:32     02.2     00.0    07.0   04.7     29.6    00:21      E 
12    15.9    17.8   12:58    14.0   00:37     02.4     00.0    22.0   04.3     25.9    14:39     ENE
13    17.9    23.4   16:43    11.4   05:17     00.4     00.0    00.4   04.6     42.5    23:29     SSW
14    18.8    26.8   16:03    12.6   05:25     00.0     00.5    00.0   03.2     29.6    16:37      SE
15    16.8    19.3   18:54    14.9   00:00     01.5     00.0    04.6   05.7     38.9    22:39      S 
16    17.1    23.2   15:33    12.2   06:20     01.2     00.0    01.4   04.5     25.9    00:21     WSW
17    18.8    25.2   15:43    11.5   05:03     00.0     00.5    00.0   04.0     25.9    10:10     SSW
18    21.2    28.3   14:58    16.6   01:40     00.0     02.9    01.4   02.2     27.8    17:43      SE
19    20.6    28.2   14:48    15.4   04:58     00.0     02.3    08.6   04.1     29.6    19:45     ESE
20    17.8    21.3   17:27    15.1   00:00     00.5     00.0    00.6   06.3     29.6    10:42     WSW
21    16.0    21.0   13:44    11.9   05:43     02.3     00.0    00.0   05.8     29.6    14:43     WSW
22    15.7    21.2   15:43    09.8   05:15     02.6     00.0    00.0   03.2     18.5    19:58      E 
23    17.3    22.3   15:44    10.5   03:48     01.0     00.0    00.0   06.0     29.6    14:26      E 
24    19.5    24.1   13:29    15.1   04:32     00.0     01.2    00.0   09.7     29.6    20:17      E 
--------------------------------------------------------------------------------------------------------
17.5 (17.8)   29.4  day 02     09.8  day 22   030.9    010.7   051.8   05.6     46.3   day 15     SSE
Min <=   30: 24
Max Rain: 22.0 ON 12-06-19
Days of Rain: 14 (> .2mm) 4 (> 2mm) 1 (> 20mm)