MONTHLY CLIMATOLOGICAL SUMMARY for APR. 2019

NAME: Wetterstation Schlei   CITY: Borgwedel STATE: Germany
ELEV: 29m LAT: 054:30:07 LONG: -009:39:49

                            TEMPERATURE ( C), RAIN (mm), WIND SPEED (kmh)

                                               HEAT     COOL           AVG
      MEAN                                     DEG      DEG            WIND                       DOM
DAY   TEMP    HIGH   TIME     LOW    TIME      DAYS     DAYS    RAIN   SPEED    HIGH    TIME      DIR
--------------------------------------------------------------------------------------------------------
01    04.4    11.1   13:51   -01.4   07:07     13.9     00.0    00.0   06.9     33.3    16:05      E 
02    08.2    15.2   16:51    01.7   01:42     10.1     00.0    01.2   08.8     31.4    16:43      SE
03    09.3    12.5   11:40    06.0   00:00     09.0     00.0    01.2   05.7     24.1    18:21     ESE
04    08.9    14.4   16:01    05.7   07:28     09.4     00.0    00.2   03.5     20.4    03:08     ENE
05    08.8    15.6   15:36    04.1   07:09     09.5     00.0    00.0   05.7     22.2    16:25      E 
06    10.6    17.6   14:34    05.6   06:55     07.7     00.0    00.0   06.3     24.1    17:22      E 
07    10.8    18.3   15:26    05.4   06:46     07.5     00.0    00.0   05.2     18.5    16:43     ENE
08    08.7    12.2   14:54    05.2   00:00     09.6     00.0    00.0   10.6     35.1    14:59     ENE
09    05.6    10.3   13:13    01.5   23:59     12.7     00.0    00.0   08.8     31.4    12:25      NE
10    04.1    10.7   13:35   -01.1   05:21     14.2     00.0    00.0   08.6     31.4    17:04      NE
11    03.7    06.3   14:16    01.6   03:05     14.6     00.0    00.6   05.1     25.9    15:25     ENE
12    03.7    08.8   13:20    00.8   07:15     14.6     00.0    00.6   06.4     35.1    15:21     ENE
13    03.1    06.2   10:55    01.2   04:19     15.2     00.0    02.0   14.5     40.7    17:02     ENE
14    05.1    08.3   15:58    02.9   07:51     13.2     00.0    00.6   15.0     38.9    00:10     ENE
15    06.3    10.2   13:48    03.3   06:55     12.0     00.0    00.0   16.2     42.5    22:31      E 
16    06.6    11.2   13:34    02.4   06:04     11.7     00.0    00.0   16.2     48.1    19:52      E 
17    09.0    14.8   14:31    04.1   06:35     09.3     00.0    00.0   11.7     35.1    14:31      E 
18    10.0    16.4   15:07    04.7   06:45     08.3     00.0    00.0   10.1     35.1    16:56      E 
19    10.5    17.5   14:09    05.0   05:18     07.8     00.0    00.0   09.3     29.6    18:31      E 
20    10.8    18.3   14:41    03.4   06:37     07.5     00.0    00.0   05.1     22.2    15:29      E 
21    11.3    21.2   14:22    02.7   06:26     07.0     00.0    00.0   04.2     22.2    17:17      E 
22    11.5    19.6   12:11    05.1   05:44     06.8     00.0    00.0   12.9     50.0    17:48      E 
--------------------------------------------------------------------------------------------------------
07.8 (8.3)   21.2  day 21    -01.4  day 01   231.6    000.0   006.4   08.9     50.0   day 22      E 
Min <=   30: 22
Max Rain: 2.0 ON 13-04-19
Days of Rain: 7 (> .2mm) 0 (> 2mm) 0 (> 20mm)