MONTHLY CLIMATOLOGICAL SUMMARY for MAY. 2018

NAME: Wetterstation Schlei   CITY: Borgwedel STATE: Germany
ELEV: 29m LAT: 054:30:07 LONG: -009:39:49

                            TEMPERATURE ( C), RAIN (mm), WIND SPEED (kmh)

                                               HEAT     COOL           AVG
      MEAN                                     DEG      DEG            WIND                       DOM
DAY   TEMP    HIGH   TIME     LOW    TIME      DAYS     DAYS    RAIN   SPEED    HIGH    TIME      DIR
--------------------------------------------------------------------------------------------------------
01    07.6    09.9   00:08    05.2   00:00     10.7     00.0    05.0   09.9     40.7    18:36      SW
02    10.7    17.1   16:36    03.6   04:13     07.6     00.0    00.0   05.7     35.1    13:34      S 
03    10.6    15.5   15:39    05.7   00:00     07.7     00.0    00.0   07.7     33.3    12:35     WSW
04    09.7    16.9   15:39    02.9   06:05     08.6     00.0    00.0   02.3     16.6    18:02      SE
05    11.8    18.8   14:22    05.0   05:45     06.5     00.0    00.0   03.6     20.4    18:30      E 
06    13.9    21.9   14:35    06.1   06:21     04.4     00.0    00.0   03.3     20.4    18:57     ESE
07    16.2    23.9   14:14    08.6   04:26     02.1     00.0    00.0   04.2     27.8    18:18     ESE
08    16.8    24.5   14:18    09.7   05:36     01.5     00.0    00.0   08.2     35.1    17:52     ESE
09    17.5    24.9   12:45    10.4   06:08     00.8     00.0    00.0   08.3     31.4    19:32     ESE
10    15.5    25.7   12:58    10.9   23:57     02.8     00.0    01.4   06.2     27.8    21:17     SSE
11    13.8    19.2   14:36    10.4   23:11     04.5     00.0    00.0   03.6     24.1    00:19      W 
12    14.8    20.6   13:23    10.8   00:02     03.5     00.0    00.0   06.6     25.9    19:09      E 
13    15.4    21.2   15:16    11.7   02:58     02.9     00.0    00.0   10.5     35.1    20:09      E 
14    17.2    23.1   14:19    11.1   05:37     01.1     00.0    00.0   07.4     31.4    16:45      E 
15    17.3    23.3   16:10    10.1   05:56     01.0     00.0    00.0   03.2     16.6    16:26     ENE
16    17.6    23.9   17:44    10.5   00:00     00.7     00.0    00.0   02.7     24.1    20:40      N 
17    13.2    17.5   18:48    09.1   04:05     05.1     00.0    00.0   06.9     27.8    08:18     WSW
18    12.9    26.6   14:56    08.9   05:38     05.4     00.0    00.0   06.7     24.1    17:09     WSW
19    13.5    19.8   15:24    09.7   05:42     04.8     00.0    00.0   01.7     18.5    20:41     ESE
20    15.7    22.0   13:10    08.8   05:40     02.6     00.0    00.0   07.4     31.4    19:52      E 
21    15.4    20.5   14:40    09.8   05:17     02.9     00.0    00.0   11.0     46.3    17:31      E 
22    17.2    23.6   12:26    11.4   04:23     01.1     00.0    00.0   06.9     29.6    14:00      E 
23    17.9    24.1   15:53    11.1   04:59     00.4     00.0    00.0   04.5     24.1    14:16      E 
24    17.3    22.2   15:17    11.6   05:11     01.0     00.0    00.0   11.1     46.3    17:59      E 
25    17.4    22.5   13:08    13.0   04:45     00.9     00.0    00.0   10.6     46.3    14:00      E 
--------------------------------------------------------------------------------------------------------
14.7 (15.1)   26.6  day 18     02.9  day 04   090.7    000.0   007.6   06.4     46.3   day 21     ESE
Min <=   30: 25
Max Rain: 5.0 ON 1-05-18
Days of Rain: 2 (> .2mm) 1 (> 2mm) 0 (> 20mm)