MONTHLY CLIMATOLOGICAL SUMMARY for OCT. 2019

NAME: Wetterstation Schlei   CITY: Borgwedel STATE: Germany
ELEV: 29 LAT: 054:30:00 LONG: -009:40:00

                            TEMPERATURE ( C), RAIN (mm), WIND SPEED (kmh)

                                               HEAT     COOL           AVG
      MEAN                                     DEG      DEG            WIND                       DOM
DAY   TEMP    HIGH   TIME     LOW    TIME      DAYS     DAYS    RAIN   SPEED    HIGH    TIME      DIR
--------------------------------------------------------------------------------------------------------
01    09.6    11.0   13:43    07.2   00:00     08.7     00.0    03.8   01.5     18.5    16:40     ENE
02    08.9    14.2   13:34    05.1   07:17     09.4     00.0    01.0   05.8     33.3    15:34      W 
03    08.9    13.3   12:07    05.6   07:59     09.4     00.0    00.0   02.0     16.6    12:08      NE
04    08.6    10.7   15:55    06.2   04:51     09.7     00.0    00.0   04.3     29.6    20:38     ESE
05    09.1    11.1   11:59    06.3   00:00     09.2     00.0    00.4   07.5     29.6    09:33     ENE
06    08.5    13.2   13:49    06.3   22:35     09.8     00.0    00.0   05.1     27.8    16:08     ESE
07    08.2    12.4   12:25    04.9   08:17     10.1     00.0    00.0   02.2     18.5    23:59     ESE
08    11.1    15.8   13:18    07.7   04:34     07.2     00.0    09.6   05.6     29.6    12:43      SW
09    11.3    13.8   14:50    08.7   23:52     07.0     00.0    03.4   06.6     29.6    13:44      SW
10    10.3    13.2   16:30    08.1   02:52     08.0     00.0    22.4   06.5     35.1    16:43     WSW
11    12.7    14.1   00:00    10.1   00:53     05.6     00.0    15.0   13.6     48.1    18:12      SW
12    12.7    14.2   02:35    11.0   07:37     05.6     00.0    05.8   08.0     38.9    01:30     WSW
13    12.9    18.3   23:02    10.4   08:21     05.4     00.0    03.4   03.1     33.3    23:43     SSW
14    13.9    17.1   13:24    11.6   22:44     04.4     00.0    07.0   09.3     46.3    03:10      SW
15    14.1    19.6   15:14    11.1   08:30     04.2     00.0    00.0   06.7     48.1    00:44     ESE
16    12.7    14.4   15:53    10.1   20:53     05.6     00.0    10.2   02.2     22.2    13:32     WSW
17    12.8    15.2   15:38    09.8   22:37     05.5     00.0    04.2   02.0     18.5    14:18      SW
18    12.0    16.3   14:35    10.1   17:44     06.3     00.0    08.4   04.5     35.1    20:15     SSW
19    11.1    13.7   12:55    08.7   07:14     07.2     00.0    00.8   05.4     31.4    02:17     SSW
20    11.0    13.5   13:57    09.5   08:35     07.3     00.0    00.2   00.7     14.8    03:51      S 
21    11.5    12.9   19:42    10.5   00:50     06.8     00.0    02.4   02.5     24.1    08:03      E 
--------------------------------------------------------------------------------------------------------
11.0 (11.4)   19.6  day 15     04.9  day 07   152.4    000.0   098.0   05.0     48.1   day 14     SSW
Min <=   30: 21
Max Rain: 22.4 ON 10-10-19
Days of Rain: 16 (> .2mm) 12 (> 2mm) 1 (> 20mm)