MONTHLY CLIMATOLOGICAL SUMMARY for NOV. 2018

NAME: Wetterstation Schlei   CITY: Borgwedel STATE: Germany
ELEV: 29m LAT: 054:30:07 LONG: -009:39:49

                            TEMPERATURE ( C), RAIN (mm), WIND SPEED (kmh)

                                               HEAT     COOL           AVG
      MEAN                                     DEG      DEG            WIND                       DOM
DAY   TEMP    HIGH   TIME     LOW    TIME      DAYS     DAYS    RAIN   SPEED    HIGH    TIME      DIR
--------------------------------------------------------------------------------------------------------
01    09.3    13.8   12:02    07.3   06:57     09.0     00.0    00.0   03.4     20.4    23:13     ESE
02    08.7    11.9   11:55    05.1   23:58     09.6     00.0    00.6   07.9     38.9    10:35      SW
03    05.8    10.6   14:26    03.3   23:26     12.5     00.0    00.2   03.6     16.6    07:56     SSW
04    06.1    08.8   22:02    01.4   03:50     12.2     00.0    00.2   02.5     16.6    07:30     ESE
05    09.6    10.4   13:38    08.7   00:21     08.7     00.0    00.0   05.5     27.8    19:50      E 
06    08.5    09.8   00:20    07.2   04:28     09.8     00.0    00.0   02.7     16.6    17:58     ESE
07    09.4    12.9   14:18    06.9   07:09     08.9     00.0    00.2   01.6     18.5    21:54      SE
08    09.7    12.7   13:10    04.9   23:10     08.6     00.0    00.0   03.7     27.8    13:45      SW
09    06.5    09.6   14:58    01.9   04:59     11.8     00.0    01.4   01.9     22.2    14:36      SE
10    10.2    12.3   13:31    08.1   07:20     08.1     00.0    01.0   06.0     31.4    08:54      SE
11    11.4    13.1   13:25    09.8   00:00     06.9     00.0    01.2   05.8     24.1    19:50      S 
12    09.6    10.7   14:45    08.3   06:14     08.7     00.0    03.0   02.4     18.5    00:36     SSW
13    09.1    10.4   15:07    07.4   07:46     09.2     00.0    02.0   09.3     29.6    20:35      SW
14    08.8    09.9   01:54    07.8   07:40     09.5     00.0    00.0   06.3     20.4    13:58      SW
15    07.8    11.8   13:01    05.3   00:00     10.5     00.0    00.0   02.9     16.6    14:17      SE
16    05.6    09.9   12:38    03.4   07:32     12.7     00.0    00.2   03.8     20.4    19:06     ESE
17    03.6    06.9   13:08    01.0   00:00     14.7     00.0    00.0   04.8     20.4    10:33     ESE
18    04.0    06.6   16:39    00.1   03:06     14.3     00.0    00.4   06.6     33.3    22:01     ENE
19    05.5    06.7   13:15    03.9   20:16     12.8     00.0    02.6   18.2     48.1    23:02     ENE
20    05.2    06.3   10:38    03.8   00:00     13.1     00.0    00.0   24.8     62.9    06:55      E 
--------------------------------------------------------------------------------------------------------
07.7 (7.8)   13.8  day 01     00.1  day 18   211.5    000.0   013.0   06.2     62.9   day 20      SE
Min <=   30: 20
Max Rain: 3.0 ON 12-11-18
Days of Rain: 12 (> .2mm) 2 (> 2mm) 0 (> 20mm)