MONTHLY CLIMATOLOGICAL SUMMARY for FEB. 2020

NAME: Wetterstation Schlei   CITY: Borgwedel STATE: Germany
ELEV: 29 LAT: 054:30:00 LONG: -009:40:00

                            TEMPERATURE ( C), RAIN (mm), WIND SPEED (kmh)

                                               HEAT     COOL           AVG
      MEAN                                     DEG      DEG            WIND                       DOM
DAY   TEMP    HIGH   TIME     LOW    TIME      DAYS     DAYS    RAIN   SPEED    HIGH    TIME      DIR
--------------------------------------------------------------------------------------------------------
01    09.1    10.3   02:58    06.7   22:56     09.2     00.0    00.0   19.2     53.6    21:32     WSW
02    05.6    07.5   12:47    04.3   22:27     12.7     00.0    00.0   08.8     51.8    00:57     WSW
03    06.3    08.4   14:12    04.4   00:00     12.0     00.0    00.0   08.3     40.7    15:19     WSW
04    04.2    07.6   12:45    01.4   00:00     14.1     00.0    00.0   07.3     31.4    15:27      W 
05    02.6    07.2   14:28   -01.8   07:20     15.7     00.0    00.0   04.6     29.6    23:20     WSW
06    06.2    08.2   13:20    04.1   01:56     12.1     00.0    00.0   07.4     29.6    12:35      W 
07    05.5    06.3   14:32    04.5   07:00     12.8     00.0    00.0   01.9     22.2    19:50     SSW
08    04.6    07.0   23:26    01.3   08:03     13.7     00.0    00.4   04.4     33.3    00:00      S 
09    08.1    11.4   16:42    06.2   01:07     10.2     00.0    14.4   17.1     68.5    20:35     SSW
10    06.1    09.3   00:35    03.9   16:31     12.2     00.0    07.4   18.8     62.9    13:48     WSW
11    03.9    05.6   13:49    02.3   22:36     14.4     00.0    12.0   18.8     72.2    07:46     WSW
12    04.0    06.1   15:40    01.8   08:01     14.3     00.0    07.0   19.8     61.0    13:16     WSW
13    02.8    04.5   14:10    01.2   09:04     15.5     00.0    05.4   07.1     33.3    00:10      S 
14    03.8    05.3   15:58    02.2   00:12     14.5     00.0    00.2   01.9     29.6    21:37     SSW
15    07.1    09.9   23:04    04.1   00:06     11.2     00.0    02.4   11.4     48.1    23:45     SSW
16    10.3    12.8   14:43    06.2   21:03     08.0     00.0    19.6   17.8     61.0    10:04      SW
17    07.3    09.1   12:43    05.5   05:13     11.0     00.0    01.6   19.2     68.5    04:51      SW
--------------------------------------------------------------------------------------------------------
05.7 (5.7)   12.8  day 16    -01.8  day 05   213.5    000.0   076.2   11.4     72.2   day 11     WSW
Min <=   30: 17
Max Rain: 19.6 ON 16-02-20
Days of Rain: 10 (> .2mm) 7 (> 2mm) 0 (> 20mm)