MONTHLY CLIMATOLOGICAL SUMMARY for SEP. 2018

NAME: Wetterstation Schlei   CITY: Borgwedel STATE: Germany
ELEV: 29m LAT: 054:30:07 LONG: -009:39:49

                            TEMPERATURE ( C), RAIN (mm), WIND SPEED (kmh)

                                               HEAT     COOL           AVG
      MEAN                                     DEG      DEG            WIND                       DOM
DAY   TEMP    HIGH   TIME     LOW    TIME      DAYS     DAYS    RAIN   SPEED    HIGH    TIME      DIR
--------------------------------------------------------------------------------------------------------
01    15.5    21.6   14:48    11.4   06:32     02.8     00.0    00.2   01.2     14.8    16:00      NW
02    17.1    22.7   14:25    11.3   06:52     01.2     00.0    00.0   04.1     22.2    23:30      E 
03    19.0    23.2   15:19    17.1   02:05     00.0     00.7    00.0   08.7     31.4    18:27      E 
04    18.4    23.1   13:50    14.3   00:00     00.0     00.1    00.0   05.5     24.1    14:00      E 
05    17.5    23.5   14:43    12.9   07:15     00.8     00.0    00.2   02.7     18.5    19:00      E 
06    18.5    23.7   14:20    14.3   06:54     00.0     00.2    00.2   06.7     33.3    17:39     ESE
07    15.5    20.5   13:43    09.8   00:00     02.8     00.0    12.8   03.8     38.9    15:55      SW
08    13.2    17.6   17:07    09.4   00:59     05.1     00.0    04.2   06.2     35.1    13:44     SSW
09    16.3    21.9   14:52    12.8   06:19     02.0     00.0    00.0   04.5     25.9    10:21     SSW
10    17.2    21.8   12:23    14.0   23:13     01.1     00.0    00.0   04.9     25.9    12:30      SW
11    15.5    17.6   16:16    13.7   07:05     02.8     00.0    06.6   08.6     48.1    17:35      SW
12    13.8    15.7   14:17    11.4   00:00     04.5     00.0    01.0   04.9     25.9    14:44     WSW
13    13.7    20.0   14:30    08.7   06:12     04.6     00.0    00.0   03.8     24.1    17:23     WSW
14    14.1    18.7   14:20    09.8   03:26     04.2     00.0    00.0   05.5     29.6    12:42      SW
15    13.8    18.3   13:23    10.7   00:00     04.5     00.0    07.0   05.6     29.6    13:49     WSW
16    14.6    20.4   16:22    09.3   04:53     03.7     00.0    00.0   04.7     29.6    16:30     SSW
17    16.7    22.3   14:27    12.7   07:01     01.6     00.0    00.0   04.9     25.9    14:10      SW
18    19.1    29.1   16:50    11.3   05:26     00.0     00.8    00.0   05.4     35.1    18:46      SW
19    18.6    24.9   15:21    14.6   05:03     00.0     00.3    00.0   06.9     31.4    15:38      SW
20    18.7    21.9   16:03    16.4   22:29     00.0     00.4    00.0   07.4     29.6    15:11      SW
21    15.2    21.1   10:51    09.4   23:03     03.1     00.0    13.4   11.4     55.5    17:56      SW
22    11.7    15.9   13:31    08.5   07:15     06.6     00.0    04.4   10.7     51.8    13:45     WSW
23    10.2    13.9   12:43    08.3   00:00     08.1     00.0    02.8   04.4     25.9    02:15     WSW
--------------------------------------------------------------------------------------------------------
15.8 (16.3)   29.1  day 18     08.3  day 24   059.5    002.6   052.8   05.8     55.5   day 21      SW
Min <=   30: 23
Max Rain: 13.4 ON 21-09-18
Days of Rain: 11 (> .2mm) 7 (> 2mm) 0 (> 20mm)