MONTHLY CLIMATOLOGICAL SUMMARY for DEC. 2019

NAME: Wetterstation Schlei   CITY: Borgwedel STATE: Germany
ELEV: 29 LAT: 054:30:00 LONG: -009:40:00

                            TEMPERATURE ( C), RAIN (mm), WIND SPEED (kmh)

                                               HEAT     COOL           AVG
      MEAN                                     DEG      DEG            WIND                       DOM
DAY   TEMP    HIGH   TIME     LOW    TIME      DAYS     DAYS    RAIN   SPEED    HIGH    TIME      DIR
--------------------------------------------------------------------------------------------------------
01    02.0    04.9   13:09    00.1   09:06     16.3     00.0    00.2   01.1     14.8    21:35     WSW
02    03.1    06.4   12:53    01.3   00:18     15.2     00.0    00.8   03.7     22.2    15:26      W 
03    05.3    07.4   20:48    01.8   03:22     13.0     00.0    00.4   06.1     31.4    16:48     WSW
04    06.1    07.2   00:07    04.8   20:40     12.2     00.0    00.0   08.9     29.6    15:23      SW
05    04.2    06.4   12:44    01.9   09:45     14.1     00.0    00.2   10.5     48.1    23:30      SW
06    06.2    07.9   00:00    04.0   00:36     12.1     00.0    13.4   15.9     48.1    22:48      SW
07    07.9    09.1   12:16    06.8   20:19     10.4     00.0    03.6   12.0     46.3    05:27     WSW
08    07.8    09.3   14:04    05.4   21:32     10.5     00.0    12.6   17.0     57.4    10:59      SW
09    05.7    07.3   11:36    02.9   00:00     12.6     00.0    02.4   11.3     51.8    04:22     WSW
10    03.7    05.8   14:22    02.3   09:21     14.6     00.0    00.8   04.5     37.0    23:58     SSW
11    05.2    05.8   14:41    03.7   00:01     13.1     00.0    02.0   06.9     48.1    01:33     SSW
12    04.0    05.4   14:02    01.5   23:52     14.3     00.0    00.2   03.6     25.9    22:03     SSW
--------------------------------------------------------------------------------------------------------
05.1 (5.0)   09.3  day 08     00.1  day 01   158.4    000.0   036.6   08.5     57.4   day 08      SW
Min <=   30: 12
Max Rain: 13.4 ON 6-12-19
Days of Rain: 11 (> .2mm) 4 (> 2mm) 0 (> 20mm)