MONTHLY CLIMATOLOGICAL SUMMARY for JAN. 2020

NAME: Wetterstation Schlei   CITY: Borgwedel STATE: Germany
ELEV: 29 LAT: 054:30:00 LONG: -009:40:00

                            TEMPERATURE ( C), RAIN (mm), WIND SPEED (kmh)

                                               HEAT     COOL           AVG
      MEAN                                     DEG      DEG            WIND                       DOM
DAY   TEMP    HIGH   TIME     LOW    TIME      DAYS     DAYS    RAIN   SPEED    HIGH    TIME      DIR
--------------------------------------------------------------------------------------------------------
01    03.0    05.1   11:54   -00.8   22:28     15.3     00.0    00.2   07.7     29.6    20:24     WSW
02    00.5    03.1   00:00   -00.4   05:08     17.8     00.0    00.2   09.8     33.3    23:58      SW
03    05.5    07.5   13:15    03.1   00:01     12.8     00.0    05.6   11.7     40.7    02:14      SW
04    04.7    07.2   10:23    01.7   23:22     13.6     00.0    02.2   11.2     53.6    10:29      W 
05    04.0    05.9   18:32    01.9   08:59     14.3     00.0    00.4   05.9     29.6    23:01      SW
06    05.5    06.2   14:40    02.3   00:00     12.8     00.0    01.0   08.4     29.6    02:25      SW
07    05.6    07.8   14:09    02.3   00:16     12.7     00.0    00.2   10.4     40.7    23:58      SW
08    07.6    09.8   13:24    04.7   00:00     10.7     00.0    02.2   09.9     46.3    03:59      SW
09    07.7    10.9   18:46    03.2   03:26     10.6     00.0    07.4   05.9     35.1    13:48      SW
10    06.6    09.3   00:16    03.8   20:04     11.7     00.0    05.8   05.3     31.4    08:30      W 
11    04.2    06.5   23:38    01.1   03:25     14.1     00.0    00.0   11.9     46.3    22:55      SW
12    06.1    07.4   19:33    05.1   13:16     12.2     00.0    10.8   13.9     46.3    05:13      SW
13    05.6    06.9   00:04    04.4   22:11     12.7     00.0    00.2   07.4     27.8    23:01     SSW
14    08.1    11.3   00:00    05.2   00:08     10.2     00.0    06.2   13.1     51.8    22:55     SSW
15    10.3    12.2   12:43    05.7   00:00     08.0     00.0    02.6   17.7     57.4    10:05      SW
16    06.2    08.1   14:16    05.2   19:42     12.1     00.0    00.0   08.2     35.1    03:12      SW
17    07.1    10.2   13:43    04.7   02:18     11.2     00.0    01.8   05.4     25.9    10:32      S 
--------------------------------------------------------------------------------------------------------
05.8 (5.5)   12.2  day 15    -00.8  day 01   212.8    000.0   046.8   09.6     57.4   day 04      SW
Min <=   30: 17
Max Rain: 10.8 ON 12-01-20
Days of Rain: 15 (> .2mm) 8 (> 2mm) 0 (> 20mm)